[INFO] cloning repository https://github.com/HiddyTiddy/discord-bot
[INFO] running `Command { std: "git" "-c" "credential.helper=" "-c" "credential.helper=/workspace/cargo-home/bin/git-credential-null" "clone" "--bare" "https://github.com/HiddyTiddy/discord-bot" "/workspace/cache/git-repos/https%3A%2F%2Fgithub.com%2FHiddyTiddy%2Fdiscord-bot", kill_on_drop: false }`
[INFO] [stderr] Cloning into bare repository '/workspace/cache/git-repos/https%3A%2F%2Fgithub.com%2FHiddyTiddy%2Fdiscord-bot'...
[INFO] running `Command { std: "git" "rev-parse" "HEAD", kill_on_drop: false }`
[INFO] [stdout] e6c42176ac1ba7d4e5c6c99a2aec5dd54a579b38
[INFO] checking HiddyTiddy/discord-bot against master#9610dfe5a9a731ced1ea4923ecbd0c57fe367898 for beta-170-4
[INFO] running `Command { std: "git" "clone" "/workspace/cache/git-repos/https%3A%2F%2Fgithub.com%2FHiddyTiddy%2Fdiscord-bot" "/workspace/builds/worker-4-tc1/source", kill_on_drop: false }`
[INFO] [stderr] Cloning into '/workspace/builds/worker-4-tc1/source'...
[INFO] [stderr] done.
[INFO] validating manifest of git repo https://github.com/HiddyTiddy/discord-bot on toolchain 9610dfe5a9a731ced1ea4923ecbd0c57fe367898
[INFO] running `Command { std: CARGO_HOME="/workspace/cargo-home" RUSTUP_HOME="/workspace/rustup-home" "/workspace/cargo-home/bin/cargo" "+9610dfe5a9a731ced1ea4923ecbd0c57fe367898" "metadata" "--manifest-path" "Cargo.toml" "--no-deps", kill_on_drop: false }`
[INFO] started tweaking git repo https://github.com/HiddyTiddy/discord-bot
[INFO] finished tweaking git repo https://github.com/HiddyTiddy/discord-bot
[INFO] tweaked toml for git repo https://github.com/HiddyTiddy/discord-bot written to /workspace/builds/worker-4-tc1/source/Cargo.toml
[INFO] crate git repo https://github.com/HiddyTiddy/discord-bot already has a lockfile, it will not be regenerated
[INFO] running `Command { std: CARGO_HOME="/workspace/cargo-home" RUSTUP_HOME="/workspace/rustup-home" "/workspace/cargo-home/bin/cargo" "+9610dfe5a9a731ced1ea4923ecbd0c57fe367898" "fetch" "--manifest-path" "Cargo.toml", kill_on_drop: false }`
[INFO] running `Command { std: "docker" "create" "-v" "/var/lib/crater-agent-workspace/builds/worker-4-tc1/target:/opt/rustwide/target:rw,Z" "-v" "/var/lib/crater-agent-workspace/builds/worker-4-tc1/source:/opt/rustwide/workdir:ro,Z" "-v" "/var/lib/crater-agent-workspace/cargo-home:/opt/rustwide/cargo-home:ro,Z" "-v" "/var/lib/crater-agent-workspace/rustup-home:/opt/rustwide/rustup-home:ro,Z" "-e" "SOURCE_DIR=/opt/rustwide/workdir" "-e" "CARGO_TARGET_DIR=/opt/rustwide/target" "-e" "CARGO_HOME=/opt/rustwide/cargo-home" "-e" "RUSTUP_HOME=/opt/rustwide/rustup-home" "-w" "/opt/rustwide/workdir" "-m" "1610612736" "--user" "0:0" "--network" "none" "ghcr.io/rust-lang/crates-build-env/linux@sha256:19e73879b68f455e41552ea35293514db52ea292d993f571636dbffedb77a1ee" "/opt/rustwide/cargo-home/bin/cargo" "+9610dfe5a9a731ced1ea4923ecbd0c57fe367898" "metadata" "--no-deps" "--format-version=1", kill_on_drop: false }`
[INFO] [stdout] 8b67980cb6486d62db442ba641a8656c757444ea15faf9009d095afcb472f08d
[INFO] running `Command { std: "docker" "start" "-a" "8b67980cb6486d62db442ba641a8656c757444ea15faf9009d095afcb472f08d", kill_on_drop: false }`
[INFO] running `Command { std: "docker" "inspect" "8b67980cb6486d62db442ba641a8656c757444ea15faf9009d095afcb472f08d", kill_on_drop: false }`
[INFO] running `Command { std: "docker" "rm" "-f" "8b67980cb6486d62db442ba641a8656c757444ea15faf9009d095afcb472f08d", kill_on_drop: false }`
[INFO] [stdout] 8b67980cb6486d62db442ba641a8656c757444ea15faf9009d095afcb472f08d
[INFO] running `Command { std: "docker" "create" "-v" "/var/lib/crater-agent-workspace/builds/worker-4-tc1/target:/opt/rustwide/target:rw,Z" "-v" "/var/lib/crater-agent-workspace/builds/worker-4-tc1/source:/opt/rustwide/workdir:ro,Z" "-v" "/var/lib/crater-agent-workspace/cargo-home:/opt/rustwide/cargo-home:ro,Z" "-v" "/var/lib/crater-agent-workspace/rustup-home:/opt/rustwide/rustup-home:ro,Z" "-e" "SOURCE_DIR=/opt/rustwide/workdir" "-e" "CARGO_TARGET_DIR=/opt/rustwide/target" "-e" "CARGO_INCREMENTAL=0" "-e" "RUST_BACKTRACE=full" "-e" "RUSTFLAGS=--cap-lints=forbid" "-e" "RUSTDOCFLAGS=--cap-lints=forbid" "-e" "CARGO_HOME=/opt/rustwide/cargo-home" "-e" "RUSTUP_HOME=/opt/rustwide/rustup-home" "-w" "/opt/rustwide/workdir" "-m" "1610612736" "--user" "0:0" "--network" "none" "ghcr.io/rust-lang/crates-build-env/linux@sha256:19e73879b68f455e41552ea35293514db52ea292d993f571636dbffedb77a1ee" "/opt/rustwide/cargo-home/bin/cargo" "+9610dfe5a9a731ced1ea4923ecbd0c57fe367898" "check" "--frozen" "--all" "--all-targets" "--message-format=json", kill_on_drop: false }`
[INFO] [stdout] 771913661bb56d2cb68050de0899de44d7884966db22295997316c758d232ad9
[INFO] running `Command { std: "docker" "start" "-a" "771913661bb56d2cb68050de0899de44d7884966db22295997316c758d232ad9", kill_on_drop: false }`
[INFO] [stderr]    Compiling libc v0.2.126
[INFO] [stderr]    Compiling syn v1.0.85
[INFO] [stderr]    Compiling cc v1.0.72
[INFO] [stderr]    Compiling futures-core v0.3.19
[INFO] [stderr]    Compiling log v0.4.17
[INFO] [stderr]    Compiling quote v1.0.14
[INFO] [stderr]    Compiling generic-array v0.14.5
[INFO] [stderr]    Compiling cfg-if v1.0.0
[INFO] [stderr]     Checking untrusted v0.7.1
[INFO] [stderr]     Checking spin v0.5.2
[INFO] [stderr]    Compiling futures-task v0.3.19
[INFO] [stderr]     Checking bytes v1.1.0
[INFO] [stderr]    Compiling once_cell v1.9.0
[INFO] [stderr]    Compiling num-traits v0.2.14
[INFO] [stderr]     Checking futures-sink v0.3.19
[INFO] [stderr]    Compiling futures-channel v0.3.19
[INFO] [stderr]    Compiling futures-util v0.3.19
[INFO] [stderr]    Compiling ahash v0.7.6
[INFO] [stderr]    Compiling parking_lot_core v0.8.5
[INFO] [stderr]     Checking mio v0.7.14
[INFO] [stderr]     Checking num_cpus v1.13.1
[INFO] [stderr]     Checking futures-io v0.3.19
[INFO] [stderr]     Checking tinyvec v1.6.0
[INFO] [stderr]    Compiling num-integer v0.1.44
[INFO] [stderr]    Compiling serde_derive v1.0.133
[INFO] [stderr]    Compiling ring v0.16.20
[INFO] [stderr]    Compiling memchr v2.4.1
[INFO] [stderr]    Compiling indexmap v1.8.0
[INFO] [stderr]    Compiling crossbeam-utils v0.8.10
[INFO] [stderr]    Compiling pin-project-lite v0.2.8
[INFO] [stderr]    Compiling serde v1.0.133
[INFO] [stderr]     Checking http v0.2.6
[INFO] [stderr]     Checking getrandom v0.2.7
[INFO] [stderr]    Compiling typenum v1.15.0
[INFO] [stderr]    Compiling unicase v2.6.0
[INFO] [stderr]     Checking unicode-normalization v0.1.19
[INFO] [stderr]    Compiling vcpkg v0.2.15
[INFO] [stderr]    Compiling tinyvec_macros v0.1.0
[INFO] [stderr]    Compiling scopeguard v1.1.0
[INFO] [stderr]     Checking hashbrown v0.11.2
[INFO] [stderr]    Compiling pkg-config v0.3.25
[INFO] [stderr]    Compiling httparse v1.5.1
[INFO] [stderr]     Checking idna v0.2.3
[INFO] [stderr]    Compiling lock_api v0.4.6
[INFO] [stderr]    Compiling libsqlite3-sys v0.24.2
[INFO] [stderr]    Compiling crossbeam-queue v0.3.5
[INFO] [stderr]     Checking tracing-core v0.1.21
[INFO] [stderr]     Checking url v2.2.2
[INFO] [stderr]    Compiling tokio v1.15.0
[INFO] [stderr]     Checking getrandom v0.1.16
[INFO] [stderr]     Checking webpki v0.22.0
[INFO] [stderr]     Checking sct v0.7.0
[INFO] [stderr]     Checking rustls v0.20.2
[INFO] [stderr]    Compiling instant v0.1.12
[INFO] [stderr]    Compiling unicode-bidi v0.3.7
[INFO] [stderr]    Compiling matches v0.1.9
[INFO] [stderr]    Compiling smallvec v1.9.0
[INFO] [stderr]     Checking webpki v0.21.4
[INFO] [stderr]     Checking rand_core v0.5.1
[INFO] [stderr]    Compiling block-buffer v0.10.2
[INFO] [stderr]    Compiling crypto-common v0.1.3
[INFO] [stderr]    Compiling pin-utils v0.1.0
[INFO] [stderr]     Checking byteorder v1.4.3
[INFO] [stderr]    Compiling minimal-lexical v0.2.1
[INFO] [stderr]    Compiling slab v0.4.5
[INFO] [stderr]     Checking itoa v0.4.8
[INFO] [stderr]    Compiling percent-encoding v2.1.0
[INFO] [stderr]    Compiling either v1.7.0
[INFO] [stderr]     Checking try-lock v0.2.3
[INFO] [stderr]    Compiling form_urlencoded v1.0.1
[INFO] [stderr]     Checking want v0.3.0
[INFO] [stderr]    Compiling itertools v0.10.3
[INFO] [stderr]    Compiling nom v7.1.1
[INFO] [stderr]    Compiling mime_guess v2.0.3
[INFO] [stderr]     Checking rand_chacha v0.2.2
[INFO] [stderr]    Compiling digest v0.10.3
[INFO] [stderr]    Compiling tokio-macros v1.7.0
[INFO] [stderr]    Compiling pin-project-internal v1.0.10
[INFO] [stderr]    Compiling tracing-attributes v0.1.18
[INFO] [stderr]    Compiling thiserror-impl v1.0.31
[INFO] [stderr]     Checking pin-project v1.0.10
[INFO] [stderr]    Compiling tokio-rustls v0.23.2
[INFO] [stderr]    Compiling hashbrown v0.12.1
[INFO] [stderr]    Compiling parking_lot v0.11.2
[INFO] [stderr]     Checking webpki-roots v0.22.2
[INFO] [stderr]     Checking sct v0.6.1
[INFO] [stderr]    Compiling spin v0.9.3
[INFO] [stderr]     Checking http-body v0.4.4
[INFO] [stderr]     Checking tracing v0.1.29
[INFO] [stderr]     Checking digest v0.9.0
[INFO] [stderr]     Checking block-buffer v0.9.0
[INFO] [stderr]     Checking socket2 v0.4.2
[INFO] [stderr]     Checking time v0.1.44
[INFO] [stderr]    Compiling miniz_oxide v0.4.4
[INFO] [stderr]    Compiling base64 v0.13.0
[INFO] [stderr]    Compiling serde_json v1.0.75
[INFO] [stderr]    Compiling unicode_categories v0.1.1
[INFO] [stderr]     Checking httpdate v1.0.2
[INFO] [stderr]     Checking bytes v0.5.6
[INFO] [stderr]     Checking tower-service v0.3.1
[INFO] [stderr]    Compiling crc-catalog v2.1.0
[INFO] [stderr]    Compiling encoding_rs v0.8.30
[INFO] [stderr]    Compiling crc32fast v1.3.0
[INFO] [stderr]    Compiling paste v1.0.7
[INFO] [stderr]    Compiling cpufeatures v0.2.1
[INFO] [stderr]     Checking input_buffer v0.3.1
[INFO] [stderr]     Checking tokio-util v0.6.9
[INFO] [stderr]    Compiling sha2 v0.10.2
[INFO] [stderr]     Checking h2 v0.3.10
[INFO] [stderr]    Compiling crc v3.0.0
[INFO] [stderr]     Checking sha-1 v0.9.8
[INFO] [stderr]    Compiling sqlformat v0.1.8
[INFO] [stderr]    Compiling rustls-pemfile v1.0.0
[INFO] [stderr]    Compiling thiserror v1.0.31
[INFO] [stderr]    Compiling flume v0.10.13
[INFO] [stderr]     Checking rustls v0.19.1
[INFO] [stderr]    Compiling hashlink v0.8.0
[INFO] [stderr]    Compiling chrono v0.4.19
[INFO] [stderr]    Compiling futures-intrusive v0.4.0
[INFO] [stderr]    Compiling sqlx-rt v0.6.0
[INFO] [stderr]    Compiling futures-executor v0.3.19
[INFO] [stderr]    Compiling tokio-stream v0.1.9
[INFO] [stderr]     Checking rand v0.7.3
[INFO] [stderr]    Compiling atoi v1.0.0
[INFO] [stderr]    Compiling stringprep v0.1.2
[INFO] [stderr]    Compiling unicode-segmentation v1.9.0
[INFO] [stderr]    Compiling event-listener v2.5.2
[INFO] [stderr]    Compiling bitflags v1.3.2
[INFO] [stderr]     Checking utf-8 v0.7.6
[INFO] [stderr]    Compiling hex v0.4.3
[INFO] [stderr]    Compiling itoa v1.0.1
[INFO] [stderr]     Checking mime v0.3.16
[INFO] [stderr]     Checking adler v1.0.2
[INFO] [stderr]    Compiling heck v0.4.0
[INFO] [stderr]    Compiling sqlx-core v0.6.0
[INFO] [stderr]     Checking tungstenite v0.11.1
[INFO] [stderr]     Checking tokio-rustls v0.22.0
[INFO] [stderr]     Checking hyper v0.14.16
[INFO] [stderr]     Checking webpki-roots v0.20.0
[INFO] [stderr]     Checking rand_core v0.6.3
[INFO] [stderr]     Checking rustls-pemfile v0.2.1
[INFO] [stderr]     Checking ipnet v2.3.1
[INFO] [stderr]    Compiling serenity v0.10.9
[INFO] [stderr]    Compiling dotenv v0.15.0
[INFO] [stderr]     Checking rand_chacha v0.3.1
[INFO] [stderr]     Checking serde_urlencoded v0.7.0
[INFO] [stderr]     Checking async-tungstenite v0.11.0
[INFO] [stderr]     Checking flate2 v1.0.22
[INFO] [stderr]    Compiling async-trait v0.1.52
[INFO] [stderr]     Checking futures v0.3.19
[INFO] [stderr]     Checking typemap_rev v0.1.5
[INFO] [stderr]     Checking rand v0.8.5
[INFO] [stderr]     Checking fern v0.6.1
[INFO] [stderr]     Checking hyper-rustls v0.23.0
[INFO] [stderr]     Checking reqwest v0.11.9
[INFO] [stderr]    Compiling sqlx-macros v0.6.0
[INFO] [stderr]     Checking sqlx v0.6.0
[INFO] [stderr]     Checking bot v0.1.0 (/opt/rustwide/workdir)
[INFO] [stdout] error[E0583]: file not found for module `vars`
[INFO] [stdout]   --> src/main.rs:24:1
[INFO] [stdout]    |
[INFO] [stdout] 24 | mod vars;
[INFO] [stdout]    | ^^^^^^^^^
[INFO] [stdout]    |
[INFO] [stdout]    = help: to create the module `vars`, create file "src/vars.rs" or "src/vars/mod.rs"
[INFO] [stdout] 
[INFO] [stdout] 
[INFO] [stdout] error[E0583]: file not found for module `vars`
[INFO] [stdout]   --> src/main.rs:24:1
[INFO] [stdout]    |
[INFO] [stdout] 24 | mod vars;
[INFO] [stdout]    | ^^^^^^^^^
[INFO] [stdout]    |
[INFO] [stdout]    = help: to create the module `vars`, create file "src/vars.rs" or "src/vars/mod.rs"
[INFO] [stdout] 
[INFO] [stdout] 
[INFO] [stdout] error: error returned from database: unable to open database file
[INFO] [stdout]   --> src/commands/fish.rs:21:21
[INFO] [stdout]    |
[INFO] [stdout] 21 |         let fishs = sqlx::query_as!(Fishs, "SELECT fishes FROM Users WHERE user_id = ?", id)
[INFO] [stdout]    |                     ^^^^^^^^^^^^^^^^^^^^^^^^^^^^^^^^^^^^^^^^^^^^^^^^^^^^^^^^^^^^^^^^^^^^^^^^
[INFO] [stdout]    |
[INFO] [stdout]    = note: this error originates in the macro `$crate::sqlx_macros::expand_query` which comes from the expansion of the macro `sqlx::query_as` (in Nightly builds, run with -Z macro-backtrace for more info)
[INFO] [stdout] 
[INFO] [stdout] 
[INFO] [stdout] error: error returned from database: unable to open database file
[INFO] [stdout]   --> src/commands/fish.rs:21:21
[INFO] [stdout]    |
[INFO] [stdout] 21 |         let fishs = sqlx::query_as!(Fishs, "SELECT fishes FROM Users WHERE user_id = ?", id)
[INFO] [stdout]    |                     ^^^^^^^^^^^^^^^^^^^^^^^^^^^^^^^^^^^^^^^^^^^^^^^^^^^^^^^^^^^^^^^^^^^^^^^^
[INFO] [stdout]    |
[INFO] [stdout]    = note: this error originates in the macro `$crate::sqlx_macros::expand_query` which comes from the expansion of the macro `sqlx::query_as` (in Nightly builds, run with -Z macro-backtrace for more info)
[INFO] [stdout] 
[INFO] [stdout] 
[INFO] [stdout] error: error returned from database: unable to open database file
[INFO] [stdout]   --> src/commands/fish.rs:26:13
[INFO] [stdout]    |
[INFO] [stdout] 26 |             sqlx::query!("UPDATE Users SET fishes = fishes + 1 WHERE user_id = ?", id,)
[INFO] [stdout]    |             ^^^^^^^^^^^^^^^^^^^^^^^^^^^^^^^^^^^^^^^^^^^^^^^^^^^^^^^^^^^^^^^^^^^^^^^^^^^
[INFO] [stdout]    |
[INFO] [stdout]    = note: this error originates in the macro `$crate::sqlx_macros::expand_query` which comes from the expansion of the macro `sqlx::query` (in Nightly builds, run with -Z macro-backtrace for more info)
[INFO] [stdout] 
[INFO] [stdout] 
[INFO] [stdout] error: error returned from database: unable to open database file
[INFO] [stdout]   --> src/commands/fish.rs:31:13
[INFO] [stdout]    |
[INFO] [stdout] 31 | /             sqlx::query!(
[INFO] [stdout] 32 | |                 "INSERT INTO Users (user_id, fishes) VALUES (?, ?)",
[INFO] [stdout] 33 | |                 id,
[INFO] [stdout] 34 | |                 1i64
[INFO] [stdout] 35 | |             )
[INFO] [stdout]    | |_____________^
[INFO] [stdout]    |
[INFO] [stdout]    = note: this error originates in the macro `$crate::sqlx_macros::expand_query` which comes from the expansion of the macro `sqlx::query` (in Nightly builds, run with -Z macro-backtrace for more info)
[INFO] [stdout] 
[INFO] [stdout] 
[INFO] [stdout] error: error returned from database: unable to open database file
[INFO] [stdout]   --> src/commands/fish.rs:26:13
[INFO] [stdout]    |
[INFO] [stdout] 26 |             sqlx::query!("UPDATE Users SET fishes = fishes + 1 WHERE user_id = ?", id,)
[INFO] [stdout]    |             ^^^^^^^^^^^^^^^^^^^^^^^^^^^^^^^^^^^^^^^^^^^^^^^^^^^^^^^^^^^^^^^^^^^^^^^^^^^
[INFO] [stdout]    |
[INFO] [stdout]    = note: this error originates in the macro `$crate::sqlx_macros::expand_query` which comes from the expansion of the macro `sqlx::query` (in Nightly builds, run with -Z macro-backtrace for more info)
[INFO] [stdout] 
[INFO] [stdout] 
[INFO] [stdout] error: error returned from database: unable to open database file
[INFO] [stdout]   --> src/commands/fish.rs:31:13
[INFO] [stdout]    |
[INFO] [stdout] 31 | /             sqlx::query!(
[INFO] [stdout] 32 | |                 "INSERT INTO Users (user_id, fishes) VALUES (?, ?)",
[INFO] [stdout] 33 | |                 id,
[INFO] [stdout] 34 | |                 1i64
[INFO] [stdout] 35 | |             )
[INFO] [stdout]    | |_____________^
[INFO] [stdout]    |
[INFO] [stdout]    = note: this error originates in the macro `$crate::sqlx_macros::expand_query` which comes from the expansion of the macro `sqlx::query` (in Nightly builds, run with -Z macro-backtrace for more info)
[INFO] [stdout] 
[INFO] [stdout] 
[INFO] [stdout] error: error returned from database: unable to open database file
[INFO] [stdout]   --> src/commands/hug.rs:54:24
[INFO] [stdout]    |
[INFO] [stdout] 54 |               let hugs = sqlx::query_as!(
[INFO] [stdout]    |  ________________________^
[INFO] [stdout] 55 | |                 Hugs,
[INFO] [stdout] 56 | |                 "SELECT hugs FROM Actions WHERE actor_id = ? AND target_id = ?",
[INFO] [stdout] 57 | |                 author_id,
[INFO] [stdout] 58 | |                 id
[INFO] [stdout] 59 | |             )
[INFO] [stdout]    | |_____________^
[INFO] [stdout]    |
[INFO] [stdout]    = note: this error originates in the macro `$crate::sqlx_macros::expand_query` which comes from the expansion of the macro `sqlx::query_as` (in Nightly builds, run with -Z macro-backtrace for more info)
[INFO] [stdout] 
[INFO] [stdout] 
[INFO] [stdout] error: error returned from database: unable to open database file
[INFO] [stdout]   --> src/commands/hug.rs:63:17
[INFO] [stdout]    |
[INFO] [stdout] 63 | /                 sqlx::query!(
[INFO] [stdout] 64 | |                     "UPDATE Actions SET hugs = hugs + 1 WHERE actor_id = ? AND target_id = ?",
[INFO] [stdout] 65 | |                     author_id,
[INFO] [stdout] 66 | |                     id,
[INFO] [stdout] 67 | |                 )
[INFO] [stdout]    | |_________________^
[INFO] [stdout]    |
[INFO] [stdout]    = note: this error originates in the macro `$crate::sqlx_macros::expand_query` which comes from the expansion of the macro `sqlx::query` (in Nightly builds, run with -Z macro-backtrace for more info)
[INFO] [stdout] 
[INFO] [stdout] 
[INFO] [stdout] error: error returned from database: unable to open database file
[INFO] [stdout]   --> src/commands/hug.rs:72:17
[INFO] [stdout]    |
[INFO] [stdout] 72 | /                 sqlx::query!(
[INFO] [stdout] 73 | |                     "INSERT INTO Actions (actor_id, target_id, hugs) VALUES (?, ?, ?)",
[INFO] [stdout] 74 | |                     author_id,
[INFO] [stdout] 75 | |                     id,
[INFO] [stdout] 76 | |                     1i64
[INFO] [stdout] 77 | |                 )
[INFO] [stdout]    | |_________________^
[INFO] [stdout]    |
[INFO] [stdout]    = note: this error originates in the macro `$crate::sqlx_macros::expand_query` which comes from the expansion of the macro `sqlx::query` (in Nightly builds, run with -Z macro-backtrace for more info)
[INFO] [stdout] 
[INFO] [stdout] 
[INFO] [stdout] error: error returned from database: unable to open database file
[INFO] [stdout]   --> src/commands/hug.rs:54:24
[INFO] [stdout]    |
[INFO] [stdout] 54 |               let hugs = sqlx::query_as!(
[INFO] [stdout]    |  ________________________^
[INFO] [stdout] 55 | |                 Hugs,
[INFO] [stdout] 56 | |                 "SELECT hugs FROM Actions WHERE actor_id = ? AND target_id = ?",
[INFO] [stdout] 57 | |                 author_id,
[INFO] [stdout] 58 | |                 id
[INFO] [stdout] 59 | |             )
[INFO] [stdout]    | |_____________^
[INFO] [stdout]    |
[INFO] [stdout]    = note: this error originates in the macro `$crate::sqlx_macros::expand_query` which comes from the expansion of the macro `sqlx::query_as` (in Nightly builds, run with -Z macro-backtrace for more info)
[INFO] [stdout] 
[INFO] [stdout] 
[INFO] [stdout] error: error returned from database: unable to open database file
[INFO] [stdout]   --> src/commands/hug.rs:63:17
[INFO] [stdout]    |
[INFO] [stdout] 63 | /                 sqlx::query!(
[INFO] [stdout] 64 | |                     "UPDATE Actions SET hugs = hugs + 1 WHERE actor_id = ? AND target_id = ?",
[INFO] [stdout] 65 | |                     author_id,
[INFO] [stdout] 66 | |                     id,
[INFO] [stdout] 67 | |                 )
[INFO] [stdout]    | |_________________^
[INFO] [stdout]    |
[INFO] [stdout]    = note: this error originates in the macro `$crate::sqlx_macros::expand_query` which comes from the expansion of the macro `sqlx::query` (in Nightly builds, run with -Z macro-backtrace for more info)
[INFO] [stdout] 
[INFO] [stdout] 
[INFO] [stdout] error: error returned from database: unable to open database file
[INFO] [stdout]   --> src/commands/hug.rs:72:17
[INFO] [stdout]    |
[INFO] [stdout] 72 | /                 sqlx::query!(
[INFO] [stdout] 73 | |                     "INSERT INTO Actions (actor_id, target_id, hugs) VALUES (?, ?, ?)",
[INFO] [stdout] 74 | |                     author_id,
[INFO] [stdout] 75 | |                     id,
[INFO] [stdout] 76 | |                     1i64
[INFO] [stdout] 77 | |                 )
[INFO] [stdout]    | |_________________^
[INFO] [stdout]    |
[INFO] [stdout]    = note: this error originates in the macro `$crate::sqlx_macros::expand_query` which comes from the expansion of the macro `sqlx::query` (in Nightly builds, run with -Z macro-backtrace for more info)
[INFO] [stdout] 
[INFO] [stdout] 
[INFO] [stdout] error: error returned from database: unable to open database file
[INFO] [stdout]   --> src/commands/ship.rs:32:30
[INFO] [stdout]    |
[INFO] [stdout] 32 |       let shipment: Shipment = sqlx::query_as!(
[INFO] [stdout]    |  ______________________________^
[INFO] [stdout] 33 | |         Shipment,
[INFO] [stdout] 34 | |         "SELECT shipped_with, shipped_since FROM Users WHERE user_id = ?",
[INFO] [stdout] 35 | |         0
[INFO] [stdout] 36 | |     )
[INFO] [stdout]    | |_____^
[INFO] [stdout]    |
[INFO] [stdout]    = note: this error originates in the macro `$crate::sqlx_macros::expand_query` which comes from the expansion of the macro `sqlx::query_as` (in Nightly builds, run with -Z macro-backtrace for more info)
[INFO] [stdout] 
[INFO] [stdout] 
[INFO] [stdout] error: error returned from database: unable to open database file
[INFO] [stdout]   --> src/commands/ship.rs:58:30
[INFO] [stdout]    |
[INFO] [stdout] 58 |       let shipment: Shipment = sqlx::query_as!(
[INFO] [stdout]    |  ______________________________^
[INFO] [stdout] 59 | |         Shipment,
[INFO] [stdout] 60 | |         "SELECT shipped_with FROM Users WHERE user_id = ?",
[INFO] [stdout] 61 | |         0
[INFO] [stdout] 62 | |     )
[INFO] [stdout]    | |_____^
[INFO] [stdout]    |
[INFO] [stdout]    = note: this error originates in the macro `$crate::sqlx_macros::expand_query` which comes from the expansion of the macro `sqlx::query_as` (in Nightly builds, run with -Z macro-backtrace for more info)
[INFO] [stdout] 
[INFO] [stdout] 
[INFO] [stdout] error: error returned from database: unable to open database file
[INFO] [stdout]   --> src/commands/ship.rs:74:9
[INFO] [stdout]    |
[INFO] [stdout] 74 |         sqlx::query!("");
[INFO] [stdout]    |         ^^^^^^^^^^^^^^^^
[INFO] [stdout]    |
[INFO] [stdout]    = note: this error originates in the macro `$crate::sqlx_macros::expand_query` which comes from the expansion of the macro `sqlx::query` (in Nightly builds, run with -Z macro-backtrace for more info)
[INFO] [stdout] 
[INFO] [stdout] 
[INFO] [stdout] error: error returned from database: unable to open database file
[INFO] [stdout]   --> src/commands/ship.rs:32:30
[INFO] [stdout]    |
[INFO] [stdout] 32 |       let shipment: Shipment = sqlx::query_as!(
[INFO] [stdout]    |  ______________________________^
[INFO] [stdout] 33 | |         Shipment,
[INFO] [stdout] 34 | |         "SELECT shipped_with, shipped_since FROM Users WHERE user_id = ?",
[INFO] [stdout] 35 | |         0
[INFO] [stdout] 36 | |     )
[INFO] [stdout]    | |_____^
[INFO] [stdout]    |
[INFO] [stdout]    = note: this error originates in the macro `$crate::sqlx_macros::expand_query` which comes from the expansion of the macro `sqlx::query_as` (in Nightly builds, run with -Z macro-backtrace for more info)
[INFO] [stdout] 
[INFO] [stdout] 
[INFO] [stdout] error: error returned from database: unable to open database file
[INFO] [stdout]   --> src/commands/ship.rs:58:30
[INFO] [stdout]    |
[INFO] [stdout] 58 |       let shipment: Shipment = sqlx::query_as!(
[INFO] [stdout]    |  ______________________________^
[INFO] [stdout] 59 | |         Shipment,
[INFO] [stdout] 60 | |         "SELECT shipped_with FROM Users WHERE user_id = ?",
[INFO] [stdout] 61 | |         0
[INFO] [stdout] 62 | |     )
[INFO] [stdout]    | |_____^
[INFO] [stdout]    |
[INFO] [stdout]    = note: this error originates in the macro `$crate::sqlx_macros::expand_query` which comes from the expansion of the macro `sqlx::query_as` (in Nightly builds, run with -Z macro-backtrace for more info)
[INFO] [stdout] 
[INFO] [stdout] 
[INFO] [stdout] error: error returned from database: unable to open database file
[INFO] [stdout]   --> src/commands/ship.rs:74:9
[INFO] [stdout]    |
[INFO] [stdout] 74 |         sqlx::query!("");
[INFO] [stdout]    |         ^^^^^^^^^^^^^^^^
[INFO] [stdout]    |
[INFO] [stdout]    = note: this error originates in the macro `$crate::sqlx_macros::expand_query` which comes from the expansion of the macro `sqlx::query` (in Nightly builds, run with -Z macro-backtrace for more info)
[INFO] [stdout] 
[INFO] [stdout] 
[INFO] [stdout] error: error returned from database: unable to open database file
[INFO] [stdout]   --> src/main.rs:71:18
[INFO] [stdout]    |
[INFO] [stdout] 71 |       let prefix = sqlx::query_as!(
[INFO] [stdout]    |  __________________^
[INFO] [stdout] 72 | |         Prefix,
[INFO] [stdout] 73 | |         "SELECT prefix FROM ServerConfigs WHERE server_id = ? ",
[INFO] [stdout] 74 | |         id
[INFO] [stdout] 75 | |     )
[INFO] [stdout]    | |_____^
[INFO] [stdout]    |
[INFO] [stdout]    = note: this error originates in the macro `$crate::sqlx_macros::expand_query` which comes from the expansion of the macro `sqlx::query_as` (in Nightly builds, run with -Z macro-backtrace for more info)
[INFO] [stdout] 
[INFO] [stdout] 
[INFO] [stdout] error: error returned from database: unable to open database file
[INFO] [stdout]   --> src/main.rs:84:9
[INFO] [stdout]    |
[INFO] [stdout] 84 | /         sqlx::query!(
[INFO] [stdout] 85 | |             "INSERT INTO ServerConfigs (server_id, prefix) VALUES (?, ?)",
[INFO] [stdout] 86 | |             id,
[INFO] [stdout] 87 | |             prefix
[INFO] [stdout] 88 | |         )
[INFO] [stdout]    | |_________^
[INFO] [stdout]    |
[INFO] [stdout]    = note: this error originates in the macro `$crate::sqlx_macros::expand_query` which comes from the expansion of the macro `sqlx::query` (in Nightly builds, run with -Z macro-backtrace for more info)
[INFO] [stdout] 
[INFO] [stdout] 
[INFO] [stdout] error: error returned from database: unable to open database file
[INFO] [stdout]   --> src/main.rs:71:18
[INFO] [stdout]    |
[INFO] [stdout] 71 |       let prefix = sqlx::query_as!(
[INFO] [stdout]    |  __________________^
[INFO] [stdout] 72 | |         Prefix,
[INFO] [stdout] 73 | |         "SELECT prefix FROM ServerConfigs WHERE server_id = ? ",
[INFO] [stdout] 74 | |         id
[INFO] [stdout] 75 | |     )
[INFO] [stdout]    | |_____^
[INFO] [stdout]    |
[INFO] [stdout]    = note: this error originates in the macro `$crate::sqlx_macros::expand_query` which comes from the expansion of the macro `sqlx::query_as` (in Nightly builds, run with -Z macro-backtrace for more info)
[INFO] [stdout] 
[INFO] [stdout] 
[INFO] [stdout] error: error returned from database: unable to open database file
[INFO] [stdout]   --> src/main.rs:84:9
[INFO] [stdout]    |
[INFO] [stdout] 84 | /         sqlx::query!(
[INFO] [stdout] 85 | |             "INSERT INTO ServerConfigs (server_id, prefix) VALUES (?, ?)",
[INFO] [stdout] 86 | |             id,
[INFO] [stdout] 87 | |             prefix
[INFO] [stdout] 88 | |         )
[INFO] [stdout]    | |_________^
[INFO] [stdout]    |
[INFO] [stdout]    = note: this error originates in the macro `$crate::sqlx_macros::expand_query` which comes from the expansion of the macro `sqlx::query` (in Nightly builds, run with -Z macro-backtrace for more info)
[INFO] [stdout] 
[INFO] [stdout] 
[INFO] [stdout] error[E0425]: cannot find value `DISCORD_TOKEN` in module `vars`
[INFO] [stdout]    --> src/main.rs:161:23
[INFO] [stdout]     |
[INFO] [stdout] 161 |     let token = vars::DISCORD_TOKEN;
[INFO] [stdout]     |                       ^^^^^^^^^^^^^ not found in `vars`
[INFO] [stdout] 
[INFO] [stdout] 
[INFO] [stdout] warning: unused import: `tag_no_case`
[INFO] [stdout]  --> src/command.rs:4:28
[INFO] [stdout]   |
[INFO] [stdout] 4 |     bytes::complete::{tag, tag_no_case, take_while},
[INFO] [stdout]   |                            ^^^^^^^^^^^
[INFO] [stdout]   |
[INFO] [stdout]   = note: `#[warn(unused_imports)]` on by default
[INFO] [stdout] 
[INFO] [stdout] 
[INFO] [stdout] error[E0425]: cannot find value `DISCORD_TOKEN` in module `vars`
[INFO] [stdout]    --> src/main.rs:161:23
[INFO] [stdout]     |
[INFO] [stdout] 161 |     let token = vars::DISCORD_TOKEN;
[INFO] [stdout]     |                       ^^^^^^^^^^^^^ not found in `vars`
[INFO] [stdout] 
[INFO] [stdout] 
[INFO] [stdout] warning: unused import: `tag_no_case`
[INFO] [stdout]  --> src/command.rs:4:28
[INFO] [stdout]   |
[INFO] [stdout] 4 |     bytes::complete::{tag, tag_no_case, take_while},
[INFO] [stdout]   |                            ^^^^^^^^^^^
[INFO] [stdout]   |
[INFO] [stdout]   = note: `#[warn(unused_imports)]` on by default
[INFO] [stdout] 
[INFO] [stdout] 
[INFO] [stdout] warning: unused import: `sqlx::Executor`
[INFO] [stdout]  --> src/commands/ship.rs:9:5
[INFO] [stdout]   |
[INFO] [stdout] 9 | use sqlx::Executor;
[INFO] [stdout]   |     ^^^^^^^^^^^^^^
[INFO] [stdout] 
[INFO] [stdout] 
[INFO] [stdout] warning: unused import: `sqlx::Executor`
[INFO] [stdout]  --> src/commands/ship.rs:9:5
[INFO] [stdout]   |
[INFO] [stdout] 9 | use sqlx::Executor;
[INFO] [stdout]   |     ^^^^^^^^^^^^^^
[INFO] [stdout] 
[INFO] [stdout] 
[INFO] [stdout] error: aborting due to 13 previous errors; 2 warnings emitted
[INFO] [stdout] 
[INFO] [stdout] 
[INFO] [stdout] Some errors have detailed explanations: E0425, E0583.
[INFO] [stdout] 
[INFO] [stdout] For more information about an error, try `rustc --explain E0425`.
[INFO] [stdout] 
[INFO] [stdout] error: aborting due to 13 previous errors; 2 warnings emitted
[INFO] [stdout] 
[INFO] [stdout] 
[INFO] [stdout] Some errors have detailed explanations: E0425, E0583.
[INFO] [stdout] 
[INFO] [stdout] For more information about an error, try `rustc --explain E0425`.
[INFO] [stdout] 
[INFO] [stderr] error: could not compile `bot` (bin "bot") due to 14 previous errors; 2 warnings emitted
[INFO] [stderr] warning: build failed, waiting for other jobs to finish...
[INFO] [stderr] error: could not compile `bot` (bin "bot" test) due to 14 previous errors; 2 warnings emitted
[INFO] running `Command { std: "docker" "inspect" "771913661bb56d2cb68050de0899de44d7884966db22295997316c758d232ad9", kill_on_drop: false }`
[INFO] running `Command { std: "docker" "rm" "-f" "771913661bb56d2cb68050de0899de44d7884966db22295997316c758d232ad9", kill_on_drop: false }`
[INFO] [stdout] 771913661bb56d2cb68050de0899de44d7884966db22295997316c758d232ad9
